s digit of 3322?
3
What is the hundreds digit of 39800?
8
What is the units digit of 1020?
0
What is the thousands digit of 17025?
7
What is the tens digit of 3072?
7
What is the units digit of 89847?
7
What is the tens digit of 5721?
2
What is the thousands digit of 3638?
3
What is the thousands digit of 30422?
0
What is the units digit of 11523?
3
What is the tens digit of 459?
5
What is the hundreds digit of 35455?
4
What is the units digit of 2555?
5
What is the tens digit of 1621?
2
What is the hundred thousands digit of 104463?
1
What is the thousands digit of 35652?
5
What is the hundreds digit of 44652?
6
What is the hundreds digit of 10286?
2
What is the thousands digit of 5919?
5
What is the units digit of 35114?
4
What is the tens digit of 335?
3
What is the tens digit of 10975?
7
What is the hundreds digit of 55393?
3
What is the thousands digit of 7416?
7
What is the units digit of 4366?
6
What is the hundreds digit of 436?
4
What is the tens digit of 681?
8
What is the tens digit of 562?
6
What is the hundreds digit of 1145?
1
What is the tens digit of 2624?
2
What is the hundreds digit of 7965?
9
What is the tens digit of 1430?
3
What is the thousands digit of 48120?
8
What is the hundreds digit of 1816?
8
What is the units digit of 4195?
5
What is the thousands digit of 3687?
3
What is the tens digit of 2562?
6
What is the units digit of 3486?
6
What is the units digit of 299?
9
What is the units digit of 2048?
8
What is the thousands digit of 2470?
2
What is the ten thousands digit of 99594?
9
What is the tens digit of 1043?
4
What is the tens digit of 774?
7
What is the tens digit of 105698?
9
What is the units digit of 296?
6
What is the units digit of 399?
9
What is the hundreds digit of 3844?
8
What is the units digit of 33098?
8
What is the ten thousands digit of 25520?
2
What is the tens digit of 2918?
1
What is the hundreds digit of 282?
2
What is the thousands digit of 3813?
3
What is the hundreds digit of 2759?
7
What is the hundreds digit of 29374?
3
What is the tens digit of 5423?
2
What is the tens digit of 3004?
0
What is the hundreds digit of 1309?
3
What is the units digit of 1190?
0
What is the tens digit of 929?
2
What is the units digit of 1767?
7
What is the hundreds digit of 5501?
5
What is the hundreds digit of 515?
5
What is the tens digit of 398?
9
What is the tens digit of 3065?
6
What is the units digit of 948?
8
What is the tens digit of 57323?
2
What is the units digit of 5247?
7
What is the tens digit of 2037?
3
What is the hundreds digit of 1306?
3
What is the hundreds digit of 732?
7
What is the hundreds digit of 1245?
2
What is the hundreds digit of 57650?
6
What is the hundreds digit of 3134?
1
What is the units digit of 11135?
5
What is the tens digit of 101394?
9
What is the tens digit of 66?
6
What is the tens digit of 861?
6
What is the thousands digit of 3883?
3
What is the thousands digit of 62742?
2
What is the units digit of 237?
7
What is the units digit of 10830?
0
What is the tens digit of 88628?
2
What is the hundreds digit of 55767?
7
What is the hundreds digit of 368?
3
What is the hundreds digit of 13092?
0
What is the hundreds digit of 1190?
1
What is the hundreds digit of 201?
2
What is the thousands digit of 1036?
1
What is the hundreds digit of 18256?
2
What is the hundreds digit of 31043?
0
What is the tens digit of 162?
6
What is the ten thousands digit of 12252?
1
What is the tens digit of 981?
8
What is the tens digit of 5332?
3
What is the hundreds digit of 3969?
9
What is the units digit of 15009?
9
What is the units digit of 6808?
8
What is the ten thousands digit of 15517?
1
What is the units digit of 4123?
3
What is the tens digit of 147892?
9
What is the tens digit of 360?
6
What is the tens digit of 5287?
8
What is the hundreds digit of 437?
4
What is the hundreds digit of 1929?
9
What is the tens digit of 1376?
7
What is the thousands digit of 27046?
7
What is the thousands digit of 1021?
1
What is the units digit of 36818?
8
What is the tens digit of 42538?
3
What is the tens digit of 937?
3
What is the thousands digit of 40490?
0
What is the hundreds digit of 462?
4
What is the hundreds digit of 1526?
5
What is the tens digit of 119847?
4
What is the units digit of 10914?
4
What is the thousands digit of 5743?
5
What is the ten thousands digit of 11147?
1
What is the tens digit of 12441?
4
What is the hundreds digit of 976?
9
What is the units digit of 36060?
0
What is the units digit of 56303?
3
What is the thousands digit of 9584?
9
What is the units digit of 7036?
6
What is the units digit of 28785?
5
What is the hundreds digit of 1205?
2
What is the hundreds digit of 123195?
1
What is the tens digit of 112606?
0
What is the hundreds digit of 676?
6
What is the hundreds digit of 530?
5
What is the hundreds digit of 728?
7
What is the tens digit of 51464?
6
What is the ten thousands digit of 10208?
1
What is the units digit of 5159?
9
What is the hundreds digit of 966?
9
What is the ten thousands digit of 22644?
2
What is the units digit of 35?
5
What is the tens digit of 305?
0
What is the ten thousands digit of 24682?
2
What is the tens digit of 49191?
9
What is the hundreds digit of 121?
1
What is the hundreds digit of 2329?
3
What is the tens digit of 3114?
1
What is the units digit of 53118?
8
What is the tens digit of 717?
1
What is the thousands digit of 1098?
1
What is the units digit of 3891?
1
What is the ten thousands digit of 30824?
3
What is the thousands digit of 11996?
1
What is the units digit of 6545?
5
What is the units digit of 31890?
0
What is the tens digit of 22969?
6
What is the tens digit of 12215?
1
What is the units digit of 2981?
1
What is the units digit of 1689?
9
What is the units digit of 26451?
1
What is the units digit of 646?
6
What is the tens digit of 79299?
9
What is the thousands digit of 1904?
1
What is the units digit of 5335?
5
What is the thousands digit of 1280?
1
What is the hundreds digit of 8982?
9
What is the tens digit of 3728?
2
What is the thousands digit of 1375?
1
What is the thousands digit of 1506?
1
What is the tens digit of 5277?
7
What is the tens digit of 788?
8
What is the hundreds digit of 263?
2
What is the units digit of 4750?
0
What is the hundreds digit of 1402?
4
What is the ten thousands digit of 13058?
1
What is the tens digit of 131795?
9
What is the tens digit of 3346?
4
What is the thousands digit of 2314?
2
What is the ten thousands digit of 89416?
8
What is the tens digit of 1748?
4
What is the thousands digit of 24783?
4
What is the units digit of 2458?
8
What is the tens digit of 8979?
7
What is the tens digit of 4272?
7
What is the tens digit of 307?
0
What is the thousands digit of 33521?
3
What is the tens digit of 1882?
8
What is the hundreds digit of 1132?
1
What is the units digit of 586?
6
What is the units digit of 3775?
5
What is the units digit of 46966?
6
What is the hundreds digit of 2372?
3
What is the thousands digit of 2405?
2
What is the hundreds digit of 630?
6
What is the thousands digit of 6651?
6
What is the units digit of 56432?
2
What is the units digit of 1661?
1
What is the units digit of 1762?
2
What is the units digit of 9105?
5
What is the units digit of 1333?
3
What is the tens digit of 1015?
1
What is the hundreds digit of 7785?
7
What is the hundreds digit of 4178?
1
What is the units digit of 59?
9
What is the units digit of 53609?
9
What is the tens digit of 90?
9
What is the tens digit of 20929?
2
What is the tens digit of 5404?
0
What is the thousands digit of 1366?
1
What is the thousands digit of 2159?
2
What is the tens digit of 11292?
9
What is the hundreds digit of 1881?
8
What is the units digit of 13294?
4
What is the tens digit of 12954?
5
What is the tens digit of 3040?
4
What is the units digit of 1878?
8
What is the ten thousands digit of 38404?
3
What is the hundreds digit of 901?
9
What is the tens digit of 61235?
3
What is the units digit of 20998?
8
What is the tens digit of 2092?
9
What is the hundreds digit of 150684?
6
What is the units digit of 267?
7
What is the thousands digit of 115770?
5
What is the tens digit of 103622?
2
What is the thousands digit of 112679?
2
What is the thousands digit of 46762?
6
What is the tens digit of